
95
Calculate the highest common factor of 936 and 172497.
39
What is the greatest common divisor of 1392 and 1616?
16
What is the greatest common divisor of 28700 and 1940?
20
Calculate the greatest common factor of 8943 and 321135.
813
Calculate the highest common factor of 178 and 963514.
178
What is the greatest common divisor of 1528 and 104?
8
What is the greatest common divisor of 4692 and 5612?
92
What is the highest common factor of 16 and 196?
4
Calculate the highest common factor of 4041152 and 1626.
542
Calculate the highest common factor of 4936 and 16.
8
Calculate the highest common divisor of 11058 and 228.
114
What is the greatest common divisor of 305 and 28487?
61
Calculate the greatest common factor of 5752 and 128.
8
Calculate the highest common factor of 945 and 1610.
35
What is the greatest common factor of 111 and 125109?
3
Calculate the greatest common divisor of 25832 and 360.
8
Calculate the highest common divisor of 227423 and 371.
371
Calculate the greatest common divisor of 34837 and 22.
11
Calculate the highest common factor of 44717 and 2813.
97
Calculate the highest common factor of 106692 and 51.
51
Calculate the greatest common divisor of 267329 and 46.
23
Calculate the highest common factor of 10 and 121090.
10
What is the greatest common divisor of 2376 and 112365?
99
What is the highest common divisor of 1574585 and 5?
5
What is the highest common factor of 127724 and 1295?
37
Calculate the greatest common factor of 187 and 1853.
17
Calculate the highest common factor of 53928 and 2520.
504
What is the greatest common factor of 1 and 48437?
1
What is the greatest common factor of 875 and 7375?
125
What is the greatest common factor of 91653 and 1233?
411
What is the greatest common factor of 1210129 and 19?
19
Calculate the highest common divisor of 896 and 33056.
32
What is the greatest common factor of 495099 and 396?
99
Calculate the greatest common factor of 4107239 and 1761.
587
Calculate the greatest common factor of 568 and 632.
8
What is the greatest common divisor of 1524 and 108?
12
Calculate the greatest common factor of 830910 and 30.
30
What is the highest common factor of 1668621 and 505?
101
What is the greatest common divisor of 370 and 77626?
74
Calculate the highest common divisor of 207 and 50416.
23
What is the highest common divisor of 935278 and 193?
193
What is the greatest common factor of 51664 and 304?
16
Calculate the highest common divisor of 61789 and 182.
91
What is the greatest common divisor of 51324 and 588?
84
What is the greatest common factor of 20 and 67365?
5
Calculate the highest common divisor of 1395 and 86025.
465
What is the greatest common divisor of 2482 and 1904?
34
Calculate the greatest common factor of 9650 and 69866.
386
What is the greatest common divisor of 412 and 1882222?
206
What is the highest common divisor of 118924 and 78?
26
Calculate the greatest common divisor of 550 and 62590.
110
What is the highest common divisor of 304056 and 9?
9
Calculate the greatest common factor of 72 and 118656.
72
What is the highest common divisor of 115 and 785?
5
What is the greatest common factor of 3718 and 9152?
286
What is the greatest common divisor of 3763 and 19525?
71
Calculate the greatest common factor of 7062 and 2706.
66
What is the highest common divisor of 34768 and 2952?
328
What is the greatest common divisor of 25016 and 9752?
424
What is the greatest common factor of 36 and 1081386?
18
What is the highest common divisor of 71592 and 15276?
228
What is the highest common factor of 5880 and 740?
20
Calculate the greatest common factor of 276138 and 1422.
18
What is the highest common factor of 12991 and 418?
11
What is the greatest common divisor of 4361 and 56070?
623
What is the highest common factor of 7152 and 42316?
596
Calculate the greatest common factor of 500 and 28597000.
500
Calculate the greatest common divisor of 63 and 49371.
21
What is the highest common factor of 27 and 7833?
3
What is the greatest common factor of 139910 and 340?
170
What is the highest common divisor of 219369 and 249?
249
Calculate the greatest common divisor of 17 and 559.
1
Calculate the highest common factor of 1047635 and 2101.
191
Calculate the greatest common divisor of 17833 and 1513.
17
What is the highest common divisor of 1271 and 14446?
31
What is the greatest common factor of 7072 and 49368?
136
What is the highest common factor of 4683 and 111277?
223
What is the highest common factor of 88 and 23208?
8
Calculate the greatest common divisor of 35 and 266735.
35
Calculate the greatest common factor of 1225312 and 352.
352
What is the highest common factor of 91644 and 434?
14
Calculate the greatest common factor of 3248 and 4984.
56
What is the highest common factor of 38250 and 75?
75
What is the highest common divisor of 110224 and 144?
16
Calculate the highest common factor of 131748 and 24.
12
Calculate the greatest common factor of 70 and 27706.
14
What is the greatest common factor of 37412 and 158404?
796
Calculate the highest common factor of 642329 and 67.
67
What is the greatest common divisor of 29 and 1250132?
29
Calculate the greatest common divisor of 144 and 259344.
144
What is the greatest common divisor of 9858 and 24115?
53
Calculate the highest common factor of 883395 and 603.
603
Calculate the highest common factor of 6 and 2991.
3
Calculate the greatest common factor of 8 and 40892.
4
What is the greatest common divisor of 133162 and 278?
278
What is the highest common divisor of 270 and 838836?
54
Calculate the highest common divisor of 726548 and 268.
268
Calculate the highest common divisor of 96 and 1710560.
32
What is the greatest common divisor of 4641 and 323?
17
Calculate the greatest common factor of 237 and 11685759.
237
What is the highest common divisor of 6920 and 80?
40
Calculate the highest common factor of 18156996 and 234.
234
What is the greatest common factor of 60 and 22380?
60
What is the highest common factor of 280740 and 240?
60
What is the highest common factor of 887640 and 1020?
60
What is the greatest common divisor of 67014 and 12274?
34
Calculate the highest common factor of 191135 and 1505.
1505
What is the highest common factor of 172052 and 4?
4
Calculate the greatest common factor of 50688 and 234.
18
What is the highest common divisor of 15399 and 117351?
531
Calculate the greatest common divisor of 8 and 12898432.
8
What is the highest common factor of 26164 and 11284?
124
What is the greatest common divisor of 112896 and 84?
84
Calculate the greatest common divisor of 22 and 1776126.
22
Calculate the highest common factor of 5 and 377805.
5
Calculate the highest common factor of 1624 and 76.
4
What is the greatest common divisor of 8288 and 32412?
148
Calculate the greatest common factor of 175619 and 122.
61
Calculate the highest common divisor of 2629752 and 584.
584
Calculate the highest common divisor of 72 and 153288.
72
Calculate the greatest common factor of 660 and 240.
60
What is the greatest common factor of 7965 and 7020?
135
What is the greatest common factor of 306 and 3600?
18
What is the highest common divisor of 21 and 48237?
21
Calculate the greatest common factor of 2560 and 3526144.
512
Calculate the highest common divisor of 76 and 2836.
4
Calculate the highest common divisor of 268 and 446.
2
What is the greatest common divisor of 22794 and 7482?
174
What is the greatest common divisor of 8710 and 520?
130
What is the greatest common divisor of 2476 and 36?
4
Calculate the greatest common factor of 12671898 and 57.
57
What is the highest common factor of 71 and 698143?
71
What is the greatest common factor of 3206 and 18?
2
What is the greatest common factor of 15963 and 204?
51
Calculate the greatest common divisor of 15360 and 420.
60
What is the highest common divisor of 53949 and 1911?
147
What is the highest common factor of 45744 and 120?
24
Calculate the highest common factor of 437 and 90022.
437
What is the greatest common divisor of 204 and 3939172?
68
Calculate the highest common divisor of 228 and 63588.
12
What is the greatest common divisor of 24 and 133752?
24
Calculate the greatest common factor of 3885 and 3045.
105
Calculate the greatest common factor o